{"id":22,"date":"2014-01-22T03:01:12","date_gmt":"2014-01-22T02:01:12","guid":{"rendered":"http:\/\/www.theb4.fr\/novae-atlantis\/?page_id=22"},"modified":"2020-03-06T15:28:53","modified_gmt":"2020-03-06T14:28:53","slug":"welcome","status":"publish","type":"page","link":"https:\/\/www.theb4.fr\/novae-atlantis\/","title":{"rendered":"Welcome"},"content":{"rendered":"<p><strong><span style=\"font-size: large; color: #ff6600;\">Bienvenue \u00e0 tous sur notre blog Novae-Atlantis !<\/span><\/strong><\/p>\n<p>&nbsp;<\/p>\n<p>&nbsp;<\/p>\n<p>&nbsp;<\/p>\n<p><span style=\"font-size: xx-large;\"><strong><img loading=\"lazy\" decoding=\"async\" class=\"alignleft wp-image-797 size-full\" src=\"http:\/\/www.theb4.fr\/novae-atlantis\/wp-content\/uploads\/2014\/01\/Photo-intro-01.png\" alt=\"\" width=\"160\" height=\"200\" \/><\/strong><\/span><\/p>\n<p><span style=\"font-size: 24pt;\"><strong>L<\/strong><\/span>es pr\u00e9sentations d\u2019usage, tout d\u2019abord. Je me nomme <strong>Karen<\/strong> et avec un ami, <strong>Johnny<\/strong>, \u00e0 la cam\u00e9ra, nous avons pr\u00e9sent\u00e9, durant trois ann\u00e9es cons\u00e9cutives, plus de <em>cent cinquante vid\u00e9os<\/em> concernant la psy \u00e9so.<\/p>\n<p>Depuis d\u00e9but 2017, je continue les interviews de <strong><em>Serge Baccino<\/em><\/strong>, avec son \u00e9pouse <strong><em>L\u00e6titia Beretti<\/em> <\/strong>\u00e0 la cam\u00e9ra.<\/p>\n<p>Passionn\u00e9e d\u2019\u00e9sot\u00e9risme, de psychologie et de spiritualit\u00e9 en g\u00e9n\u00e9ral, j\u2019adore tout particuli\u00e8rement, cette science <em>mentale et psychique<\/em> nomm\u00e9e \u00ab\u00a0<em><strong>Psychologie \u00c9sot\u00e9rique<\/strong><\/em><strong>\u00a0<\/strong>\u00bb ou \u00ab <em>psy \u00e9so<\/em> \u00bb par ceux qui l\u2019ont fait conna\u00eetre en France.<\/p>\n<p>Mais nous aurons le temps de revenir sur ces deux personnages hauts en couleurs au travers de futures vid\u00e9os, gratuites ou non.<\/p>\n<p>&nbsp;<\/p>\n<p>&nbsp;<\/p>\n<p><span style=\"font-size: 24pt;\"><strong><img loading=\"lazy\" decoding=\"async\" class=\"alignleft size-full wp-image-799\" src=\"http:\/\/www.theb4.fr\/novae-atlantis\/wp-content\/uploads\/2014\/01\/Photo-02.png\" alt=\"\" width=\"200\" height=\"200\" srcset=\"https:\/\/www.theb4.fr\/novae-atlantis\/wp-content\/uploads\/2014\/01\/Photo-02.png 200w, https:\/\/www.theb4.fr\/novae-atlantis\/wp-content\/uploads\/2014\/01\/Photo-02-150x150.png 150w\" sizes=\"auto, (max-width: 200px) 100vw, 200px\" \/>J<\/strong><\/span>\u2019ai une trentaine d\u2019ann\u00e9es et, de mon point de vue, c\u2019est comme si\u00a0 j\u2019\u00e9tais n\u00e9e d\u00e9j\u00e0 passionn\u00e9e, d\u00e9j\u00e0 int\u00e9gr\u00e9e dans ce <em>Courant<\/em> de spiritualit\u00e9 qui s\u2019est abattu sur notre plan\u00e8te depuis\u2026 Depuis que je suis n\u00e9e !<\/p>\n<p>Comme je n\u2019\u00e9tais pas sp\u00e9cialement attir\u00e9e par l\u2019\u00e9criture et que l\u2019id\u00e9e de cr\u00e9er un blog ne me tentait pas plus que \u00e7a, j\u2019ai eu l\u2019id\u00e9e de faire autre chose que d\u2019\u00e9crire pour exprimer ma passion : mettre <em><strong>en image<\/strong><\/em> et <em><strong>en son<\/strong><\/em> ce que j\u2019avais \u00e0 partager avec d&rsquo;autres !<\/p>\n<p>C\u2019est la raison pour laquelle vous ne trouverez que peu d\u2019\u00e9crits sur le blog \u00ab\u00a0<strong><em>Novae-Atlantis\u00a0<\/em><\/strong>\u00bb, mis \u00e0 part les citations ponctuelles de quelques habitu\u00e9s de la chose. C\u2019est donc surtout par le biais de vid\u00e9os et de fichiers audio (mp3) que j\u2019ai d\u00e9cid\u00e9 de partager mes modestes acquits. Ces acquits consistant, en partie, en des interviews de <strong><em>Serge Baccino<\/em><\/strong>, qui enseigne la psy \u00e9so, avec son \u00e9pouse <strong><em>L\u00e6titia Beretti<\/em><\/strong>, depuis de nombreuses ann\u00e9es.<\/p>\n<p>&nbsp;<\/p>\n<p>&nbsp;<\/p>\n<p><span style=\"font-size: 24pt;\"><strong><img loading=\"lazy\" decoding=\"async\" class=\"alignleft size-medium wp-image-800\" src=\"http:\/\/www.theb4.fr\/novae-atlantis\/wp-content\/uploads\/2014\/01\/Photo-03-300x168.png\" alt=\"\" width=\"300\" height=\"168\" \/>C<\/strong><\/span>e blog s\u2019enrichit r\u00e9guli\u00e8rement et chacune des nouvelles vid\u00e9os est bien \u00e9videmment reli\u00e9e \u00e0 <strong><em>YouTube<\/em><\/strong> et appara\u00eet, d\u00e8s sa mise en ligne, sur nos pages <strong><em>Facebook<\/em><\/strong>.<\/p>\n<p>A ce jour (Mai 2018), quelques <strong>deux <strong>ce<\/strong>nt-soixante vid\u00e9os<\/strong> <strong><u>gratuites<\/u><\/strong> sont d\u00e9j\u00e0 en ligne\u00a0!<\/p>\n<p>Viendront par la suite <em>des vid\u00e9os payantes<\/em>, d\u2019un prix mod\u00e9r\u00e9 s\u2019entend, de qualit\u00e9 plus professionnelle et, bien sur, avec un contenu bien plus \u00e9labor\u00e9, produites sur une dur\u00e9e plus longue que les pr\u00e9sents <em>extraits<\/em> gratuits, qui servent en fait de \u00ab\u00a0<em>vitrine publicitaire<\/em>\u00a0\u00bb \u00e0 l\u2019enseignement de <strong><em>la psy \u00e9so<\/em><\/strong>.<\/p>\n<p>Je vous invite \u00e0 pr\u00e9sent \u00e0 prendre connaissance du contenu tr\u00e8s riche de ce blog, en cliquant sur le titre de chacune des vid\u00e9os list\u00e9es sur la barre juste \u00e0 droite de cette page et \u00e0 l\u2019onglet vertical nomm\u00e9 \u00ab\u00a0<em><strong>Articles r\u00e9cents<\/strong><\/em>.\u00a0\u00bb Et bien sur, n\u2019h\u00e9sitez pas \u00e0 \u00ab\u00a0<em>fouiller\u00a0<\/em>\u00bb dans la rubrique \u00ab\u00a0<em>Archives<\/em>\u00a0\u00bb\u00a0!<\/p>\n<p>Pour Serge Baccino, L\u00e6titia Beretti et moi-m\u00eame, vous \u00eates nos \u00ab\u00a0<strong><em>Vid\u00e9oditeurs<\/em><\/strong>\u00a0\u00bb, comme mentionn\u00e9s dans nos vid\u00e9os !<\/p>\n<p>&nbsp;<\/p>\n<p>Bien \u00e0 vous tous, qui nous suivez fid\u00e8lement, depuis des ann\u00e9es !<\/p>\n<p>&nbsp;<\/p>\n<p><span style=\"font-size: 14pt; color: #ff6600;\"><strong><em>Karen<\/em><\/strong><\/span><\/p>\n<p><span style=\"text-decoration: underline;\"><strong>Nos mails respectifs<\/strong><\/span> :<\/p>\n<p><a href=\"mailto:serge.baccino@icloud.com\">serge.baccino@icloud.com<\/a><\/p>\n<p><a href=\"mailto:beretti.laetitia@icloud.com\">beretti.laetitia@icloud.com<\/a><\/p>\n<p><a href=\"mailto:novae.atlantis@gmail.com\">novae.atlantis@gmail.com<\/a><\/p>\n<p>&#8211;<\/p>\n<p>&nbsp;<\/p>\n<p>&nbsp;<\/p>\n<p>&nbsp;<\/p>\n<p>&nbsp;<\/p>\n<p>&nbsp;<\/p>\n","protected":false},"excerpt":{"rendered":"<p>Bienvenue \u00e0 tous sur notre blog Novae-Atlantis ! &nbsp; &nbsp; &nbsp; Les pr\u00e9sentations d\u2019usage, tout d\u2019abord. Je me nomme Karen et avec un ami, Johnny, \u00e0 la cam\u00e9ra, nous avons pr\u00e9sent\u00e9, durant trois ann\u00e9es cons\u00e9cutives, plus de cent cinquante vid\u00e9os concernant la psy \u00e9so. Depuis d\u00e9but 2017, je continue les interviews de Serge Baccino, avec [&hellip;]<\/p>\n","protected":false},"author":3,"featured_media":0,"parent":0,"menu_order":0,"comment_status":"open","ping_status":"open","template":"","meta":{"footnotes":""},"class_list":["post-22","page","type-page","status-publish","hentry"],"_links":{"self":[{"href":"https:\/\/www.theb4.fr\/novae-atlantis\/wp-json\/wp\/v2\/pages\/22","targetHints":{"allow":["GET"]}}],"collection":[{"href":"https:\/\/www.theb4.fr\/novae-atlantis\/wp-json\/wp\/v2\/pages"}],"about":[{"href":"https:\/\/www.theb4.fr\/novae-atlantis\/wp-json\/wp\/v2\/types\/page"}],"author":[{"embeddable":true,"href":"https:\/\/www.theb4.fr\/novae-atlantis\/wp-json\/wp\/v2\/users\/3"}],"replies":[{"embeddable":true,"href":"https:\/\/www.theb4.fr\/novae-atlantis\/wp-json\/wp\/v2\/comments?post=22"}],"version-history":[{"count":8,"href":"https:\/\/www.theb4.fr\/novae-atlantis\/wp-json\/wp\/v2\/pages\/22\/revisions"}],"predecessor-version":[{"id":865,"href":"https:\/\/www.theb4.fr\/novae-atlantis\/wp-json\/wp\/v2\/pages\/22\/revisions\/865"}],"wp:attachment":[{"href":"https:\/\/www.theb4.fr\/novae-atlantis\/wp-json\/wp\/v2\/media?parent=22"}],"curies":[{"name":"wp","href":"https:\/\/api.w.org\/{rel}","templated":true}]}}